-178)?
2
Calculate 2 + 2 - (-70 + 74).
0
Evaluate -56 - -59 - (-23 + -1 + 4 + 0).
23
7 - 2 - 14 - (-22 + 2)
11
Calculate 18 + -1 + -53 + 18.
-18
Evaluate -4 + -1 + -6 + (-2 - -15) + -7.
-5
-2 + 6 + (37 - 35) + -4
2
Calculate (0 - 10) + (-5 - -37 - -8).
30
3 - 1 - -4 - (15 - 2 - 13)
6
What is the value of (-1 - (-2 + 4 - 1)) + -9?
-11
What is the value of (5 - -3 - 4 - -4) + (5 - 10)?
3
Calculate -18 - (7 + -12 + 5).
-18
Calculate -43 + (25 - -5 - 15).
-28
Evaluate -10 - (-6 - (12 - 14)) - 12.
-18
What is the value of (0 + 7 - 1) + (-23 + 22 - 3)?
2
Evaluate 13 + (-9 - (14 + 3 - 5)).
-8
Calculate 26 - (15 - (28 + -30)).
9
Calculate -1 + 0 + -4 + -22 + 8 + -8.
-27
What is the value of 0 + -8 + 5 + 8 - 6?
-1
9 + -10 + 8 + 3
10
Calculate (12 - 5) + 2 + -6 + -19.
-16
Evaluate 15 + (15 - 32 - -1).
-1
(12 - 3 - -3) + -18 - 3
-9
Calculate (-2 - (-6 + -2)) + -12 + 9.
3
What is -18 - (10 + 27 + -26)?
-29
7 + -25 + (2 - -3) + 5
-8
What is 43 - (15 - -23 - 25)?
30
Calculate -26 + 18 - (-31 - -41).
-18
Calculate 5 + 0 - (-3 - (11 - 10)) - 6.
3
What is the value of (3 + 0 - (-6 - -8)) + (-8 - -8)?
1
Calculate (2 - (17 - 2)) + 20.
7
Evaluate (4 + 1 - 31) + 6 - -7.
-13
25 + -9 + 5 - (8 - -5)
8
What is 2 + (2 - 9 - -26)?
21
-1 + 38 - (174 + -146)
9
Evaluate 5 + 14 - 10 - (36 + 1 + 0).
-28
34 + -4 + -38 + 27 - 11
8
Evaluate 9 + -5 + -1 + -7 + (-8 - -8).
-4
13 + (0 - 0) - ((-9 - -30) + -16)
8
Calculate (-38 - -17 - -13) + 3.
-5
What is (-2 - 6) + (-5 - (-15 - 7))?
9
What is (-24 - -10) + 7 - -8 - -4?
5
Evaluate 7 + -14 + 2 + 18.
13
Evaluate 5 - (-2 + 4 + (11 + -10 - -2)).
0
-3 - (13 + (-3 - -1 - 4) + 5)
-15
What is -13 + 9 - (0 - 17) - (1 + 0)?
12
Calculate (8 - 0) + (-1 - (17 - -9)).
-19
What is (1 - (-3 + 8)) + 10?
6
Evaluate 8 + (-1 + -4 - -4) + -15 + 27.
19
-1 - (-24 - (-1 - 2))
20
Evaluate -11 + 14 + 16 + -6.
13
Evaluate (54 - 19) + -36 + 25 + -1.
23
What is -4 - (28 + -20 + 0)?
-12
What is the value of 16 + -8 + -6 + 4 + -1 + 3?
8
Evaluate -13 - (10 + -16) - (-2 + 8 + 1).
-14
What is the value of -44 - (-20 - (-12 + 23))?
-13
Calculate -2 + 2 - (0 - 22 - (-52 + 49)).
19
What is the value of 21 + (28 - 41) + (-5 - (1 + 0))?
2
What is -4 + (14 - 10) + (-2 + 1 - 5)?
-6
Calculate (-5 - 0) + -2 - (-24 - -29).
-12
Evaluate 898 - 905 - (-23 + 0 + 0).
16
Evaluate -9 - (1 + -9 - -7 - -5).
-13
19 + -4 - (6 + (-5 - 5) + 5)
14
-13 + -6 + 3 + 6
-10
What is -4 + -28 - -2 - (101 - 110)?
-21
Calculate -12 + -23 + 13 + 14.
-8
-44 + 53 + (2 - 7)
4
Evaluate -1 + -5 + (15 - 11) + 5 + 8.
11
17 + (37 + -29 - (8 - 0))
17
Calculate (-2 - 4) + 1 - (122 + -118).
-9
-1 + (13 - 2) + -20 + (5 - 1)
-6
19 + (16 - (7 - -12))
16
-20 + 75 + 16 + -41
30
What is -11 - -17 - (0 + -9) - 0?
15
Calculate 1 - ((1 - 1) + -2) - (565 + -556).
-6
What is 8 + -2 + 96 + -124?
-22
What is 7 - 1 - (2 - -28 - (54 - 49))?
-19
Evaluate 14 + 7 - (31 + -13).
3
What is (1 - -1) + (128 - 121)?
9
-4 + 0 + -9 + 11 + -5
-7
-2 + 7 - (62 + -65)
8
What is the value of -5 - (-15 + 6) - 8?
-4
(118 - 118 - (0 - (-1 - -4))) + -2
1
What is 9 + (2 + -13 - (1 + -4)) - -10?
11
Evaluate -462 + 481 - (2 - -4).
13
Calculate 22 - 44 - (2 + -5 - 11).
-8
What is the value of 37 - ((-3 - -12) + 15)?
13
What is the value of -176 + 186 - (6 + 7)?
-3
Calculate -1 - (7 - 3) - (0 + (12 - 6)).
-11
Evaluate 1 + (-2 - -2) + (-36 - -9) + 10.
-16
What is the value of -11 + 23 + (-1 - 2) - (11 + -8)?
6
Evaluate -14 + ((1 - -3) + 5 - (0 - -4)).
-9
What is the value of -1 + 12 - (-381 + 394)?
-2
What is the value of (4 - 12) + 4 + (-2 - -1 - 1)?
-6
Evaluate -32 + -7 + 33 - -31.
25
Evaluate 0 + 0 - (-59 + 58).
1
What is (-9 - -23) + -15 + 5 - -14?
18
37 + 4 + -7 + -6
28
Evaluate -1033 - -1044 - (-1 + 10).
2
What is 2 + -11 + 0 + 2 - (-5 + 10)?
-12
Evaluate -2 + -4 + (-11 - (-37 + 8)).
12
-2 + 0 + (9 - (5 + 5))
-3
Evaluate -4 + 13 + -3 + -3 - (-4 + 3).
4
What is the value of -9 - (-14 + 15 + -26 + -2 + -2)?
20
0 + 0 + -8 - (-47 + 47)
-8
Calculate 80 + -55 - (-8 + 36).
-3
What is (14 - 1 - 16) + 26 + -8?
15
-148 + 125 + 34 + 2
13
What is the value of 13 - 4 - (-61 - -63)?
7
Evaluate (5 - 21) + 26 + -18 - (0 - 3).
-5
What is -4 + 6 + -13 + 2?
-9
What is the value of 0 + -32 + 16 - -3?
-13
Calculate 1 - (-5 - ((3 - 12) + -4 + 25)).
18
Calculate 12 + -13 + -8 + 13.
4
What is (7 - (-2 - (-5 + 3 + 1))) + -21?
-13
19 - (11 + -28 + 9 + 12)
15
Calculate 11 - (-12 - (-9 - -13) - (2 - 8)).
21
Calculate -4 + -5 + 28 + -38.
-19
-16 + 2 + -3 + 2 + 1 - -5
-9
Evaluate 1 + 2 + (0 + -7 - (495 - 513)).
14
What is -1 + 1 + -6 - (3361 + -3384)?
17
Calculate -1 + (18 - 2) + -26.
-11
Evaluate (-2 - 14 - -8) + -1 + 8.
-1
What is -56 - -44 - (-4 + (4 - 3)) - 18?
-27
What is 21 + (1 - 1) + 8 + -18?
11
What is the value of 23 - (-12 + 44 - 29)?
20
What is the value of (5 - 7) + 24 - 43?
-21
Evaluate 24 + 2 + -20 + (-2 - (-11 - -3)).
12
Evaluate 3 - (6 - (3 - -6 - 1)).
5
-11 + 16 + -15 - -2 - 7
-15
Calculate 12 - (1 - (9 + -8)) - 18.
-6
(7 + (3 - 12) - 6) + 21 + -21
-8
What is the value of (-2 - -1) + -6 - (20 + -26 - 17)?
16
3 - (21 - 12) - (-1 - 12)
7
-31 + (30 + -21 - -6)
-16
Calculate (-10 - 17) + (77 - 50).
0
What is (9 - (1 + 1)) + (-34 - -31) - 24?
-20
(-6 - -2) + -17 - (-2 + -2)
-17
What is -10 + -6 + 11 + (3 - (-1 - 12))?
11
(26 - (-54 - -94)) + (-2 - -8)
-8
Calculate -2 - (-8 - -1) - (-2 - 19).
26
-7 - (-9 + -4 + 9) - 14 - -3
-14
What is the value of (11 - (11 - 5)) + -5 - 0 - -7?
7
What is 0 + 18 - 19 - (-1 - (-1 - 0))?
-1
What is the value of -1 + 5 + 0 + (7 - 14) + 1?
-2
What is (-17 - -28) + 16 + -45?
-18
What is the value of -18 - (8 + -18 + 6 - -1)?
-15
What is the value of (20 - ((-4 - (1 + -7)) + 6)) + -1?
11
Evaluate 34 - 19 - (18 + 2).
-5
What is -17 + 15 + 2 - (1 + -2 - -7)?
-6
What is the value of -21 + 11 + 7 - -16?
13
What is -822 + 806 + -3 + 0?
-19
What is the value of (-1 - -1) + (10 - (13 - -1)) + 12?
8
What is 7 + -15 + (-1 - -16)?
7
What is the value of 0 + -2 + (18 - (1 + 26))?
-11
What is the value of -1 + (7 - -4) + (41 - 35)?
16
Calculate 10 - (0 + 14 + 1 - (121 - 113)).
3
Evaluate -18 + (-1 - (-2 - 2) - -4).
-11
What is -4 + 0 + 2 + (-4 - -20)?
14
Calculate 28 + -62 - (-69 - -31).
4
Evaluate -12 - (-9 - (-7 - -2)) - 7.
-15
Evaluate (0 - -29) + 5 + -6 - (-8 - -15).
21
What is (-12 - -7) + 7 + 0 - 9?
-7
What is 99 + -95 + (-17 - -2) + -2?
-13
Calculate (28 - (17 - 15)) + -14.
12
What is the value of -9 - (-18 - (-54 - -24))?
-21
What is the value of 11 + -78 - -60 - (-32 + 2 + -1)?
24
Evaluate 29 + (-9 - -1) + 3 - 10 - 7.
7
5 - (36 - ((-15 - -46) + -17))
-17
Calculate (-1 - (8 - 16)) + -5.
2
Evaluate (-8 - -12) + -26 - -7 - (4 + 0).
-19
-23 + 32 + -9 + 0 + -2 + 21
19
Evaluate (-14 - -40 - 44) + 1 + 1 + 6.
-10
(1 + -4 + 4 - (10 + -5)) + -3
-7
Calculate 14 + 1 + -276 + 266.
5
What is the value of 13 + -8 + (-5 - (2 + 3 + -5))?
0
Evaluate -15 - (-7 + (16 - 25 - (-14 - 3))).
-16
Calculate -2 + 3 + (7 - 10 - -6) - 9.
-5
What is the value of 0 - 4 - (5 + -6 - -15 - 12)?
-6
What is the value of (20 + -15 - 29) + 12?
-12
What is the value of (-2 - -15) + (60 - 70)?
3
What is -8 + -1 - -2 - (-1 + -5 + 3)?
-4
What is the value of (-29 + 16 - (-3 - 0)) + 27?
17
Evaluate (-11 + 16 - -9) + 5 + 4.
23
What is (-7 - -1) + 10 - -1 - 12?
-7
Evaluate 2 + 21 - 20 - 0.
3
Calculate 653 + -668 + -1 + 16.
0
What is 12 + 6 + -15 + 6?
9
Calculate (1 - (-2 + 0) - -9) + -406 + 396.
2
0 + 2 + (3 + 8 - 8) - 17
-12
20 + -11 + 1 - 22
-12
Evaluate -7 + (13 - (-5 + -12 + 30)).
-7
What is 33 - (6 + -13 + 18) - 6?
16
Calculate (7 - (-27 + 15)) + -9.
10
What is the value of 5 + -17 + 0 + 6 + (-53 - -45)?
-14
-2 + 28 + -11 + (1 - -9)
25
Evaluate -2 + 4 - ((1 - 9 - -9) + 6).
-5
Evaluate -44 + (-31 - -67) + 1 + 0.
-7
-7 + 4 + (5 - (-2 + -4) - 4)
4
Evaluate 10 + 1 + (0 - -15) + (12 - 19).
19
Evaluate (42 - 8) + -144 + 129.
19
Evaluate -11 - (1 + -12 - (-56 - -88)).
32
What is the value of (-10 - 6 - -6) + (5 - 1)?
-6
What is the value of 7 + 2 - 17 - (-5 - 3)?
0
What is the value of (-19 - -35 - 8) + (11 - -13)?
32
What is the value of 7 - (-2 + -3 - (-13 + 2))?
1
What is 6 - (2 + (-3 - 1) + 4 + -4)?
8
Evaluate -9 - -11 - 4 - (-15 - (-7 + 12)).
18
26 - ((-14 - 4) + 29)
15
Evaluate (-13 - -16) + 16 + -22.
-3
Evaluate 2 - (0 + -2 + 12) - (-27 - -25).
-6
19 + (-44 - -18) + 22
15
